 + 6. Suppose k - 2 = -z, k - j*z + 6 = 4*k. Let v(l) = 3*l - 2. Let r be v(k). Give w(r).
-4
Let o(j) = -j**3 + j**2 + 11. Let u be -3*(-1 - (-7)/3). Let z be u/5*1*-5. Suppose 0 = 3*h - z*h. Calculate o(h).
11
Let c(t) = -2 - t**2 + t + 2*t + t + 1. Give c(5).
-6
Let m = 51 - 152/3. Let k(a) be the second derivative of 0 - m*a**3 - a - 1/12*a**4 + a**2. What is k(-2)?
2
Let i(l) = -2*l - 2. Let y(v) = -3*v - 5. Let t(w) = 5*i(w) - 3*y(w). Let f = -6 + 13. What is t(f)?
-2
Let w(h) = h**2. Let a(r) = 5*r - 29. Let b be a(6). Give w(b).
1
Let q(g) = 12 - 7 - g + g + 4*g. Determine q(-6).
-19
Let o = 29 + -19. Let w be ((-8)/3)/(o/(-15)). Let p(h) = -h**2 + 4*h + 2. Give p(w).
2
Let m(c) = 2*c + 1. Let s = -26 - -14. Let t be s/(-8) - 1/(-2). Calculate m(t).
5
Suppose -5*o - 1 = 4. Let l = 3 + o. Let d(n) = 1 + 0 - l*n + 0*n. Determine d(3).
-5
Suppose -501 = 3*b - 489. Let u(v) = 7 - 2 + 5*v - 2*v. Give u(b).
-7
Let n(m) be the third derivative of -m**9/60480 + m**8/4032 - m**7/5040 - m**5/20 + 2*m**2. Let h(l) be the third derivative of n(l). What is h(5)?
-5
Let q(n) be the first derivative of -n**2/2 + 2*n - 4. Calculate q(3).
-1
Let g(q) = q. Let z(m) = 7*m + 5. Let a(b) = -6*g(b) + z(b). What is a(-6)?
-1
Suppose y + 2 = -2. Suppose 2*w = 8, -4*w + 0 = -4*j - 4. Let h(i) = -2 - 2*i + 3 - 3*i - i**j - 5*i**2. Calculate h(y).
5
Let x(s) be the first derivative of s**3/3 + 5*s**2/2 - s + 12. Suppose -d - d = 4*z + 12, -4*d + 5*z - 11 = 0. Determine x(d).
-5
Suppose 3*a - 9 = -6. Let l(y) = 2*y**2 + 2*y - 1. What is l(a)?
3
Let t(m) = 2 - 4*m**2 + m**3 + 4 - 2 - 6*m. Suppose 7*w - 35 = 2*w. Suppose w = r + 2. Calculate t(r).
-1
Let v be 30/9*(-87)/58. Let z(q) be the second derivative of -q**3/3 - 3*q**2 + q. What is z(v)?
4
Let y(q) = 2*q - q + 2 - 17. Determine y(9).
-6
Let c(x) = 20*x - 3 - 3 - 6*x - 13*x. Give c(6).
0
Let x(v) = v**3 + 4*v**2 + v - 2. Let b(r) = -r**2 - 10*r - 3. Let a be b(-10). What is x(a)?
4
Suppose 9 - 69 = 10*t. Let g(r) = -r**3 - 7*r**2 - 9*r - 6. What is g(t)?
12
Let v(o) be the third derivative of 2*o**5/15 + o**4/24 - 5*o**2. What is v(1)?
9
Let b(d) be the third derivative of d**5/120 + d**4/8 - d**3/2 - 8*d**2. Let p(j) be the first derivative of b(j). Let o = -7 - -3. Calculate p(o).
-1
Let y(r) = 7*r**3 + r**2 + 2*r + 1. Let g = 9 - 7. Suppose 0*w + g*w = -2. Determine y(w).
-7
Let i(n) = 2*n**2. Suppose 3*s - 6 = 0, -5*l + 4*s - 2 - 1 = 0. Determine i(l).
2
Let h = -11 - -5. Let t(o) = 2 - o - 1 - 1. Determine t(h).
6
Let c(y) = y**3 + 11*y**2 + 10*y - 6. Let v be c(-10). Let p be v/(-10) + 24/(-15). Let x(q) = 3*q**3 + q**2 - 1. Give x(p).
-3
Let y(j) be the third derivative of j**6/40 + j**5/60 - j**4/6 - j**3/2 - 9*j**2. Give y(-2).
-15
Let s(g) = -g - 1 - 2*g + 0 + 7. Let f(w) = 2*w. Let n be f(2). Calculate s(n).
-6
Let q = 7 - 6. Suppose -2*i - q = 3. Let f(s) = s**2 + 3*s + 2. What is f(i)?
0
Let g be -3 - (4 - 10/(-15)*-3). Let j(t) = 3*t + 7. Determine j(g).
-8
Suppose 0*o = 2*o. Suppose -2*r + o*r = -l + 6, 15 = -4*l - 5*r. Let k(u) = u**3 - u**2 - 3. What is k(l)?
-3
Let y(u) = -6*u**3 - 6*u + 9. Let w(f) = f**3 + f**2 - f - 1. Let d(k) = k**3 + k**2 - 1. Let b(c) = 2*d(c) - w(c). Let h(p) = 5*b(p) + y(p). Determine h(5).
-1
Let u(f) be the first derivative of -f**2/2 + 2*f + 6. Determine u(8).
-6
Let w(n) = -4*n. Let i(s) = -9*s + 1. Let j(k) = -6*i(k) + 14*w(k). Let t(u) = -u + 2. Suppose 7*a - 35 = 2*a. Let b be t(a). Give j(b).
4
Let y(g) = g**2 - g. Let o(w) = -7*w**2 + 12*w + 8. Let t(s) = -o(s) - 6*y(s). Determine t(6).
-8
Let z(s) = -s - 3. Let v = -14 + 8. What is z(v)?
3
Let g(w) = -w - 4. Let p be g(-4). Let h(d) = 2*d + 2 + 1 + p. Let q = 1 - 4. Calculate h(q).
-3
Let w(l) = l**3 - 6*l**2 + 4*l + 2. Suppose 3*h - 29 = -5*o, -h - 5*o + 7 = -4*o. Let k be 34/6 - 2/h. What is w(k)?
-3
Let m be (-4)/(-6) + -1*(-8)/(-12). Let r(c) be the second derivative of 3*c - 1/20*c**5 + 5/6*c**3 + m + 1/3*c**4 - c**2. Give r(5).
-2
Suppose 5*c + 55 - 20 = 0. Let s be (12/(-21))/(1/c). Let f(n) = n - 4. What is f(s)?
0
Let m(c) = 5*c - 1. Suppose t - 14 = -16. Give m(t).
-11
Suppose k - 13 = -2*d, 5*k = d + 2*d. Let o(q) = -1 + d*q - 3*q + 5 - q. Determine o(0).
4
Let o(w) = 3*w**3 - w**2 + w - 1. Let y be 2/(-13) + (-93)/(-13). Let f(n) = -n**3 + 7*n**2 + n - 6. Let t be f(y). Suppose -t = 2*j - 3. Determine o(j).
2
Let u(v) = -6*v + 1. Let h(r) = -r - 1. Let d(p) = -2*h(p) + u(p). Suppose -6*x - 5 = -x, x - 9 = -2*y. Let w = y - 2. What is d(w)?
-9
Suppose 5*q - 2*f - 3*f + 10 = 0, 0 = -2*q - 3*f + 6. Let m(z) = q*z**2 + 7 + 7*z + z**2 + 0*z**2. Let r = -21 - -16. Determine m(r).
-3
Let k(w) = 8 + 224*w**3 - 2*w + 207*w**3 + 6*w**2 - 432*w**3. Let t = 14 - 8. Determine k(t).
-4
Let s(k) be the first derivative of -2 - 2*k**2 - 4/3*k**3 - 1/4*k**4 - 4*k. What is s(-3)?
-1
Let t(f) = -13*f**3 + 2*f**2 + f - 3. Let l(w) = 53*w**3 - 9*w**2 - 5*w + 13. Let c(g) = 2*l(g) + 9*t(g). Let b = 10 - 11. Determine c(b).
11
Let z(f) = -8*f - 1. Let p = -1 - 0. Give z(p).
7
Let t(l) be the second derivative of l**3/3 + 3*l**2/2 + 38*l. Calculate t(5).
13
Let u = 1 + -1. Let k(p) = -p**3 - 3*p**2 - p - 4. Let o(f) = -f**3 - 4*f**2 - f - 4. Let v(t) = 5*k(t) - 4*o(t). Calculate v(u).
-4
Suppose 7*f = 12*f - 25. Let r(z) = 0*z**3 + 3 - 6*z - 4*z**3 - 4*z**2 + z**3 + 4*z**3. Calculate r(f).
-2
Suppose -5*b - 2*n + 30 = -47, -3*n - 27 = -2*b. Let u be (-40)/b - (-4)/6. Let v(k) = k**2 + k - 2. Give v(u).
0
Let z(w) = w - 3. Let r = -16 + 19. Determine z(r).
0
Let o(i) = i + 0*i + 6 - 2*i. Calculate o(0).
6
Let b(n) = 3*n - 3. Let q(h) = h**2 + 2*h + 2. Let r be q(-2). Suppose 0 = 5*y - r*y - 6. Give b(y).
3
Let j(k) = 2*k - 6. Suppose -4*z = 5*w - 8*w + 24, 2*w + 4*z - 16 = 0. Give j(w).
10
Let b(t) be the second derivative of -3/2*t**2 + 0 + 2/3*t**3 - 2*t - 1/6*t**4. Give b(2).
-3
Let a(b) = -b**2 + 6*b. Suppose -12 = -8*w + 5*w. Let v = 7 - w. Determine a(v).
9
Suppose 1 - 7 = -2*a. Let y(x) = 4*x - 4. Determine y(a).
8
Let x(n) = n**2 - 1. Let w(p) = -4*p**2 - 8*p - 4. Let b(k) = -w(k) - 3*x(k). Give b(-5).
-8
Let l(a) be the second derivative of a**5/120 + 7*a**4/24 - 2*a**3/3 - 3*a. Let z(d) be the second derivative of l(d). Give z(-6).
1
Let d(h) = -h**2 - 4*h + 6. Let m = -8 + 3. Let k be d(m). Suppose k = 5*c - 2*n, -2*c + 0 = -3*n + 4. Let q(f) = 8*f**2. Determine q(c).
8
Suppose 2*w + 5 = 3*w. Let x(p) = -w*p**2 - 6 + 3 + 0*p**3 - 6*p**3 + 5*p**3 + 6*p. Determine x(-6).
-3
Let u(w) = -2*w**2 + 18*w - 20. Let f be u(8). Let b(z) = -2*z - 2 + 0*z - 2. Determine b(f).
4
Let q(m) = 8*m**2 + 5 + 5*m**3 - 5*m - 4*m**2 + 2*m**2 - 6*m**3. Determine q(5).
5
Let b(m) be the first derivative of m**3/3 - 3*m**2/2 - m + 3. Calculate b(2).
-3
Let x(y) = 5*y + 11. Let c(m) = m + 3. Let s(g) = -9*c(g) + 2*x(g). Calculate s(6).
1
Let n = 5 + -11. Let p be (-2 - 1)*(-8)/n. Let c(h) = -h**3 - 4*h**2 + h + 1. Give c(p).
-3
Let z = 6 + -5. Suppose 12 = 5*c + s, -2*s + 7 = c + z. Let u(p) = c - p - 3 + 2. Determine u(-5).
6
Let a(v) = -7*v**2 + 11*v + 6. Let x(h) = -h**2 + h + 1. Let c(i) = -a(i) + 6*x(i). What is c(6)?
6
Let b(k) = 2*k**3 - 6 + 21*k + k**2 - 14*k - k**3 - 8*k**2. Determine b(5).
-21
Let s = -1 - -3. Suppose -4*r - s*b + 0*b = -14, -4*r = b - 11. Let n(x) = -2*x**2 + x + r + 4*x - 4. Calculate n(3).
-5
Let a(p) = p**2 + 7*p + 1. Suppose 0 = 2*f - 15 + 21. Give a(f).
-11
Let i(o) be the first derivative of 16*o**3/3 + o**2 - o + 11. Calculate i(1).
17
Let o(l) = l + 2. Let u be o(6). Let v(k) = k**3 - 2*k**2 + u - 5 - 5*k + 1. What is v(3)?
-2
Let w = -18 - -20. Let s(i) = 4*i - 2. Calculate s(w).
6
Let u(q) = q**2 - 5*q + 6. Suppose -10 = -3*k - 5*g, -2*k - 15 = -2*g + 5. Let s be ((-1)/(-1) + k)/(-1). Calculate u(s).
2
Let h(s) be the third derivative of s**4/24 + 3*s**3/2 - 2*s**2. Let n be h(-5). Let x(o) = o**2 - 4*o - 1. Give x(n).
-1
Let f(d) be the first derivative of d**2/2 - d + 7. What is f(1)?
0
Let c(l) be the third derivative of 0*l + l**2 + 7/60*l**5 + 0 - 2/3*l**3 + 5/24*l**4 + 1/120*l**6. Give c(-6).
2
Suppose 0 = -0*z - 4*z + 12. Let d(w) = -1 + 2 + 2*w**2 + 16*w**3 - 17*w**z + w. Suppose -3*x - 4*u - 6 = 0, -x + u = 3*x - 11. What is d(x)?
3
Let a(p) = p**2 - 11*p + 13. Let y = 13 + -3. Let